vided by 240.
111
Calculate the remainder when 1052 is divided by 33.
29
Calculate the remainder when 4842 is divided by 51.
48
Calculate the remainder when 242 is divided by 8.
2
Calculate the remainder when 507 is divided by 83.
9
What is the remainder when 212 is divided by 8?
4
Calculate the remainder when 356 is divided by 30.
26
What is the remainder when 359 is divided by 253?
106
Calculate the remainder when 248 is divided by 5.
3
What is the remainder when 78 is divided by 59?
19
What is the remainder when 1384 is divided by 254?
114
Calculate the remainder when 1782 is divided by 15.
12
Calculate the remainder when 559 is divided by 5.
4
What is the remainder when 130 is divided by 13?
0
What is the remainder when 310 is divided by 64?
54
What is the remainder when 527 is divided by 132?
131
Calculate the remainder when 613 is divided by 69.
61
What is the remainder when 1224 is divided by 609?
6
What is the remainder when 1061 is divided by 118?
117
Calculate the remainder when 284 is divided by 16.
12
What is the remainder when 259 is divided by 72?
43
Calculate the remainder when 617 is divided by 125.
117
What is the remainder when 378 is divided by 77?
70
Calculate the remainder when 81 is divided by 20.
1
Calculate the remainder when 154 is divided by 24.
10
Calculate the remainder when 313 is divided by 27.
16
Calculate the remainder when 9774 is divided by 13.
11
What is the remainder when 155 is divided by 76?
3
What is the remainder when 84 is divided by 27?
3
What is the remainder when 113 is divided by 21?
8
Calculate the remainder when 1022 is divided by 16.
14
Calculate the remainder when 5714 is divided by 127.
126
Calculate the remainder when 1073 is divided by 475.
123
Calculate the remainder when 150 is divided by 27.
15
Calculate the remainder when 77 is divided by 23.
8
What is the remainder when 671 is divided by 72?
23
Calculate the remainder when 119 is divided by 18.
11
Calculate the remainder when 662 is divided by 10.
2
What is the remainder when 32008 is divided by 269?
266
What is the remainder when 836 is divided by 163?
21
Calculate the remainder when 611 is divided by 236.
139
Calculate the remainder when 68 is divided by 19.
11
Calculate the remainder when 104 is divided by 40.
24
Calculate the remainder when 123 is divided by 42.
39
What is the remainder when 963 is divided by 70?
53
Calculate the remainder when 195 is divided by 18.
15
What is the remainder when 56 is divided by 23?
10
What is the remainder when 425 is divided by 107?
104
What is the remainder when 2699 is divided by 15?
14
Calculate the remainder when 615 is divided by 44.
43
What is the remainder when 37 is divided by 11?
4
Calculate the remainder when 85 is divided by 35.
15
Calculate the remainder when 1734 is divided by 305.
209
Calculate the remainder when 16 is divided by 6.
4
What is the remainder when 18349 is divided by 367?
366
Calculate the remainder when 430 is divided by 27.
25
Calculate the remainder when 107 is divided by 32.
11
What is the remainder when 3434 is divided by 3425?
9
Calculate the remainder when 401 is divided by 15.
11
Calculate the remainder when 2654 is divided by 881.
11
What is the remainder when 183 is divided by 121?
62
Calculate the remainder when 433 is divided by 15.
13
Calculate the remainder when 421 is divided by 208.
5
Calculate the remainder when 163 is divided by 24.
19
What is the remainder when 7685 is divided by 3837?
11
Calculate the remainder when 177 is divided by 49.
30
What is the remainder when 652 is divided by 22?
14
What is the remainder when 24 is divided by 4?
0
Calculate the remainder when 16101 is divided by 194.
193
Calculate the remainder when 549 is divided by 55.
54
What is the remainder when 487 is divided by 55?
47
Calculate the remainder when 497 is divided by 161.
14
What is the remainder when 4973 is divided by 16?
13
Calculate the remainder when 2168 is divided by 6.
2
What is the remainder when 628 is divided by 8?
4
What is the remainder when 53 is divided by 29?
24
What is the remainder when 5876 is divided by 21?
17
What is the remainder when 271 is divided by 3?
1
Calculate the remainder when 193 is divided by 21.
4
Calculate the remainder when 748 is divided by 96.
76
What is the remainder when 311 is divided by 21?
17
Calculate the remainder when 534 is divided by 478.
56
What is the remainder when 376 is divided by 78?
64
Calculate the remainder when 462 is divided by 18.
12
Calculate the remainder when 219 is divided by 33.
21
Calculate the remainder when 101 is divided by 30.
11
Calculate the remainder when 220 is divided by 57.
49
Calculate the remainder when 97 is divided by 31.
4
What is the remainder when 138 is divided by 47?
44
Calculate the remainder when 1189 is divided by 14.
13
What is the remainder when 7092 is divided by 355?
347
What is the remainder when 74 is divided by 2?
0
What is the remainder when 2646 is divided by 660?
6
Calculate the remainder when 1211 is divided by 10.
1
What is the remainder when 113 is divided by 106?
7
Calculate the remainder when 79 is divided by 61.
18
What is the remainder when 2828 is divided by 3?
2
What is the remainder when 155 is divided by 76?
3
What is the remainder when 5977 is divided by 20?
17
What is the remainder when 2399 is divided by 20?
19
Calculate the remainder when 107 is divided by 97.
10
Calculate the remainder when 562 is divided by 19.
11
Calculate the remainder when 52 is divided by 5.
2
What is the remainder when 5393 is divided by 135?
128
What is the remainder when 121 is divided by 41?
39
What is the remainder when 48 is divided by 34?
14
What is the remainder when 390 is divided by 120?
30
What is the remainder when 84 is divided by 74?
10
Calculate the remainder when 386 is divided by 39.
35
What is the remainder when 1623 is divided by 36?
3
What is the remainder when 15 is divided by 7?
1
Calculate the remainder when 254 is divided by 107.
40
What is the remainder when 1719 is divided by 43?
42
What is the remainder when 11211 is divided by 387?
375
Calculate the remainder when 4396 is divided by 40.
36
What is the remainder when 323 is divided by 25?
23
Calculate the remainder when 262 is divided by 22.
20
What is the remainder when 482 is divided by 44?
42
What is the remainder when 939 is divided by 9?
3
What is the remainder when 5234 is divided by 34?
32
What is the remainder when 172 is divided by 34?
2
Calculate the remainder when 6914 is divided by 108.
2
Calculate the remainder when 99 is divided by 10.
9
What is the remainder when 293 is divided by 27?
23
What is the remainder when 2463 is divided by 85?
83
What is the remainder when 875 is divided by 181?
151
What is the remainder when 349 is divided by 7?
6
Calculate the remainder when 836 is divided by 161.
31
What is the remainder when 180 is divided by 89?
2
Calculate the remainder when 442 is divided by 130.
52
Calculate the remainder when 2366 is divided by 9.
8
Calculate the remainder when 6534 is divided by 37.
22
What is the remainder when 166 is divided by 56?
54
What is the remainder when 264 is divided by 32?
8
What is the remainder when 453 is divided by 117?
102
Calculate the remainder when 878 is divided by 42.
38
Calculate the remainder when 7486 is divided by 192.
190
Calculate the remainder when 8467 is divided by 116.
115
What is the remainder when 1225 is divided by 69?
52
Calculate the remainder when 1566 is divided by 174.
0
What is the remainder when 265 is divided by 18?
13
What is the remainder when 39257 is divided by 13?
10
Calculate the remainder when 181 is divided by 72.
37
What is the remainder when 82224 is divided by 65?
64
What is the remainder when 13250 is divided by 11?
6
Calculate the remainder when 631 is divided by 197.
40
Calculate the remainder when 430 is divided by 52.
14
What is the remainder when 513 is divided by 108?
81
What is the remainder when 277 is divided by 20?
17
What is the remainder when 118 is divided by 16?
6
Calculate the remainder when 758 is divided by 69.
68
Calculate the remainder when 304 is divided by 28.
24
Calculate the remainder when 355 is divided by 17.
15
What is the remainder when 1212 is divided by 1208?
4
Calculate the remainder when 